9 = -l*w. Is w a composite number?
False
Let j be 2*(3 + 0 - 0). Suppose 3*u + u = 20*u. Suppose u = -4*r - 4*n + 96, -j*r + 5*r + 2*n + 21 = 0. Is r a prime number?
True
Suppose -210*u = -208*u. Let j be 0/15 - (u + -22). Let t = j - -336. Is t a composite number?
True
Let h(g) = -19 + 2*g**3 - 19*g**3 + 7*g + 16*g**3 + 13*g**2 + 13*g**2. Is h(19) a prime number?
False
Let k(c) = -8*c - 10. Let m be k(7). Let v = -66 - m. Suppose -i + 2*b - 71 = -2*i, -5*i + 2*b + 343 = v. Is i a prime number?
False
Suppose 5*d = 41*d - 2135844. Is d a composite number?
True
Suppose -552 = 19*w - 25*w. Let a = w + 915. Is a a prime number?
False
Suppose 2*t - 4268093 = -0*a + a, 2*a = -t + 2134034. Is (-2)/11 + t/484 a prime number?
True
Let n = -6 + 23. Let u = 18 - n. Is (u + -2799)*1/(-2) a composite number?
False
Let r be (24/(-15))/((-8)/220). Suppose -105704 = -r*x + 182364. Is x a prime number?
True
Suppose -m = 2*w - 102131, 6*w = -4*m + 9*m - 510703. Is m prime?
False
Let f = -307 - -309. Let i be (-3460)/(-18) + (-4)/18. Suppose 606 = 3*t - f*v + 3*v, t = 3*v + i. Is t prime?
False
Suppose 0 = -8*l - 47516 + 155060. Is l prime?
False
Let n = 7 + 1. Suppose 3*w = 3*a, 3*w = 2*a - 3 + n. Is (3 + a/((-45)/24))*963 composite?
True
Suppose 24416938 - 66440656 = -594*i. Is i a composite number?
True
Let l = 32383 + 13090. Is l a prime number?
False
Is (6552522/(-18))/(0 + -3) prime?
True
Let y = 62747 - -28226. Is y a composite number?
True
Let z = -569 + 571. Suppose 0 = 5*u - 5*s - 12080, -z*u + 4*s + 4833 = 3*s. Is u prime?
True
Let l(i) = -336*i**3 - i**2 - 93*i - 7. Is l(-10) prime?
True
Let y(j) = 63591*j - 5456. Is y(5) a prime number?
False
Suppose -20*l + 14376 = -12*l. Suppose -5461 = -19*j + l. Is j composite?
True
Is 6908556/78 + (-30)/130 prime?
False
Let y(z) = -231*z**3 + 15*z**2 + 37*z + 343. Is y(-14) composite?
True
Suppose 3*y - 49 = -4*y. Suppose 4*l = -y*l + 41657. Is l a composite number?
True
Let y = 109272 - -132850. Is y composite?
True
Let m(h) = -12*h**2 - 36*h + 107. Let i(y) = y**2 + y + 2. Let p(r) = -4*i(r) - m(r). Is p(-31) a prime number?
True
Suppose j = -0*j, 4*j - 18 = 2*g. Let v(t) = 19711*t**2 - 4*t + 2*t - 2*t - 19 - 19710*t**2 - 7*t. Is v(g) a prime number?
False
Let o(p) = -5*p**3 + 9*p**2 - 36*p + 7. Suppose 3 = -14*c - 151. Is o(c) a composite number?
False
Suppose 4*v - 7388 = i, 5*v - 11*i = -10*i + 9235. Is v composite?
False
Suppose k - 1539934 = 115*l - 119*l, 0 = -2*k + 4. Is l composite?
True
Suppose -h + 4*h - t - 17 = 0, -4*h + 4*t + 36 = 0. Suppose -5*w - p + 48321 = 0, p = -h*w + 5*p + 38676. Is w composite?
True
Suppose 3*g + 1 = w + 3, -30 = -5*g - 5*w. Let u be g/8 - (-9117)/(-36). Let d = u - -444. Is d composite?
False
Suppose 804*l - 801*l - 1333727 = -4*w, -3*w = -15. Is l prime?
True
Suppose -15796 - 46224 = 4*j. Let b = -9726 - j. Is b a composite number?
False
Let o be (-22)/77 + 855/(-21). Is o + 40 + (5416 + 0 - 2) a composite number?
False
Suppose -24*u = -19*u - 431245. Is u composite?
False
Let j(h) = 18899*h + 153. Is j(2) composite?
False
Suppose -19*c = -14*c - 5*w + 20, 0 = 3*c - 4*w + 17. Is c/2 + 20*1796/32 a composite number?
False
Suppose 35*h = 31*h + 3*r + 75605, 2*h + 2*r = 37792. Is h composite?
False
Let m = -969 + 655. Suppose -7*x + 2995 + 624 = 0. Let p = x + m. Is p composite?
True
Let i(d) = 1453*d**2 - 67*d + 1661. Is i(18) a composite number?
True
Let c(r) = -77*r - 3. Let m be (3 + -5)*1 - -2. Suppose m = j + 2*t + t - 4, 3*t = j + 20. Is c(j) a prime number?
True
Suppose -5*r = 2*y - 12045 + 4066, -3*y = 3*r - 11946. Is y a prime number?
False
Is 1/(8/(8 - -907632)) + -8 a prime number?
False
Let g(j) = 30*j - 547. Is g(61) prime?
True
Let h = 540 - 1498. Is (h/(-8))/(4/(-16)*-1) a composite number?
False
Let n(r) = -6*r - 35. Let k be n(-20). Let s = 85 - k. Suppose y - 3*a - a - 825 = s, a + 813 = y. Is y a prime number?
True
Suppose 19764 = 2*g + 4*s - 95498, -s - 115277 = -2*g. Is g a composite number?
False
Suppose -4*c = 0, -4*l = -c - 3*c - 64. Let f = l + 4. Is 6/(-15) + 20788/f prime?
True
Suppose 0 = -s - 3*k + 29611, -4*k - 24 = -0*k. Is s composite?
False
Suppose 8*g + 5*l = 5*g + 14518, l - 5 = 0. Is g prime?
True
Let t(x) = -28 - 273*x - 61 - 84*x. Is t(-8) a composite number?
False
Let w(t) = 87*t**2 - 48*t - 206. Is w(47) composite?
True
Let y = 1559 - -5431. Suppose -4312*q + 476 = -4244*q. Suppose n - q*n = -y. Is n a prime number?
False
Suppose c + 3235 = -26*h + 27*h, 3*h = -4*c + 9705. Is h a composite number?
True
Let g(n) be the second derivative of 2*n**3/3 + 7*n**2/2 - 46*n. Let z be g(-1). Suppose -z*m + 3210 + 2073 = 0. Is m a prime number?
False
Suppose 2496 = 52*f - 48*f. Let q = f + 361. Is q prime?
False
Suppose 2*n - 1239439 - 2147678 = -5*w, 2*w + 5*n - 1354851 = 0. Is w prime?
True
Let n(b) = 2249*b + 13. Let y be n(7). Is (-4 + 6)*y/24 prime?
False
Is 5*(-12)/(60/(-6007)) a prime number?
True
Let h = -51 + 67. Suppose 14 = 2*l - 2*b, 7*b + h = 2*l + 4*b. Is 5 + 2699 + l/((-10)/(-6)) prime?
True
Let t be (3906/49)/((-6)/(-28)). Suppose -f = -t - 531. Suppose 3*a = -0*a + f. Is a prime?
False
Let g = -1240 + 4539. Is g composite?
False
Suppose 14*z - 15*z + 5*f + 16639 = 0, 2*z = -4*f + 33250. Let k = 30080 - z. Is k a composite number?
False
Let g = 355611 + -231098. Is g a composite number?
False
Suppose -m = 11*v - 15*v - 85577, 0 = -5*v + 15. Is m prime?
False
Is (-17)/3*(-302 + -186739) a composite number?
True
Suppose -5*s = -4*i - 259405, 21*i - 22*i - 5 = 0. Is s prime?
False
Suppose -2*h + 7174 = 2*c + 1298, 3*c = 3*h + 8832. Suppose 7*m - 11*m + 2944 = 4*q, -5*m = 4*q - c. Suppose 4*i = 1209 + q. Is i a prime number?
True
Suppose -68*n = -61*n - 4529. Is n*5/10*14 composite?
True
Let q be (-5)/(-15) + (-10)/3. Let r be (-2)/q*4440/16. Suppose -r = -i + 26. Is i a prime number?
True
Suppose -2*r + 3*i = 32 - 165, r - 70 = -2*i. Suppose a - 5*a = -12, 0 = -5*y + a - r. Is (-2)/(2/(-629)) + 15 + y a prime number?
True
Let v be (-2)/(-6) + (-20)/6. Suppose 0*s + 2*l - 18 = -2*s, -5*s + 39 = -l. Is 970/s + v/12 prime?
False
Let u = 100 - 48. Let o = u + -40. Suppose 7*f - o*f = -2605. Is f a composite number?
False
Suppose 15*a = 27*a + 240. Is ((-375)/a)/(-15)*-1588 prime?
False
Let c = 1986 - 997. Let z be -4 - (-645 + 4 + -6). Let w = c - z. Is w composite?
True
Let g be (0 - 1)*81/(-9)*-10. Is 6/45 - 83598/g prime?
True
Let k(b) = -b**2 - 29*b + 58. Let r be k(-31). Is ((-281762)/(-8))/(-13)*r composite?
False
Let g be (-294)/343*(-14)/4. Suppose -g*t = -4*p - p - 17236, 3*t = -3*p + 17196. Is t a prime number?
True
Let b(d) = -2*d - 20. Let o be b(-11). Suppose 3*f = 5*q + 40, -q = 2*f - o*q - 15. Suppose 0 = w - f*u - 483, -2*w = -u - 567 - 435. Is w a prime number?
True
Let m(b) = 2440*b**2 - 100*b + 379. Is m(4) composite?
False
Suppose 8*w - 4*q = 6*w + 9710, -2*w = -q - 9707. Is w prime?
False
Let z be 4/3*12/(-8)*-1. Is -5 + (-5 + 6)*5072/z prime?
True
Suppose -3*v + 98990 = 4*b, -11*v + 7*v = -3*b + 74255. Is b a prime number?
True
Suppose 2*r = -5*r. Suppose -2*y - 12427 + 37157 = r. Is y prime?
False
Let i = 16 + -13. Suppose i*j + k = -4*k - 1295, -5*k - 425 = j. Let o = j - -684. Is o a prime number?
False
Suppose 78791 = c - 4*g, 1019*g - 315131 = -4*c + 1024*g. Is c composite?
False
Suppose -4*a - 34 = -f + 6*f, -24 = 2*a - f. Let k(i) = -25*i**3 - 11*i**2 - 36*i + 13. Is k(a) composite?
False
Is (1 + 51608)/((1029/1127)/7) prime?
False
Let p(d) = -3020*d**3 + 3*d**2 + 3*d - 1. Let x be 28/(-84) + 2/(-3). Is p(x) a prime number?
True
Let b(n) = 7339*n**2 + 49*n - 199. Is b(4) a composite number?
True
Let g(b) = -b**2 + 12*b. Let w be g(12). Suppose -x - 2*x - 16 = -5*c, -3*c - 2*x + 21 = w. Is 1/c - (-2948)/10 composite?
True
Is ((-5)/30)/((-3)/3794778) a prime number?
False
Suppose 0 = 2*g - 4*g - 3*v + 207098, -5*g + 517745 = -5*v. Is g prime?
True
Suppose 23*s - 13838 = s. Let v(o) = o**3 + 4*o**2 + 5*o + 5. Let b be v(-2). Suppose -b*m - q = -850 - s, -2*q + 986 = 2*m. Is m prime?
False
Let r(p) = 6*p**2 - 27 + 8*p + 0*p**2 - 4*p. Let g(t) = -45*t + 293. Let l be g(7). Is r(l) a prime number?
True
Let h = -7753 - -26893. Let x = h - 5435. Is x prime?
False
Let b(z) = 444*z**3 + 13*z**2 + 5*z + 13. Is b